{"id":2265,"date":"2016-03-31T14:18:35","date_gmt":"2016-03-31T14:18:35","guid":{"rendered":"http:\/\/forcegym.hu\/start\/?page_id=2265"},"modified":"2025-04-19T09:36:15","modified_gmt":"2025-04-19T09:36:15","slug":"araink","status":"publish","type":"page","link":"https:\/\/forcegym.hu\/start\/araink\/","title":{"rendered":"\u00c1RAINK"},"content":{"rendered":"\n<h2 class=\"wp-block-heading\">FORCE GYM EDZ\u00c9S \u00c1RAK<\/h2>\n\n\n\n<h3 class=\"wp-block-heading\"><strong>Feln\u0151tt : Csoportos edz\u00e9sek :&nbsp;<\/strong><\/h3>\n\n\n\n<p>napijegy : 4000.-<\/p>\n\n\n\n<p>4 alk : 13.800<\/p>\n\n\n\n<p>8 alk : 27.000<\/p>\n\n\n\n<p>Open Gym&nbsp; Napijegy&nbsp; 3800.-<\/p>\n\n\n\n<p>Open Gym Havi B\u00e9rlet : 17.990.<\/p>\n\n\n\n<h3 class=\"wp-block-heading\"><strong>Gyerek Csoportos Edz\u00e9sek:&nbsp;<\/strong><\/h3>\n\n\n\n<p>napijegy : 4800.-<\/p>\n\n\n\n<p>4 alk : 16.500<\/p>\n\n\n\n<p>8 alk : 28.000<\/p>\n\n\n\n<p>Open Gym&nbsp; Napijegy&nbsp; 3800.-<\/p>\n\n\n\n<p>Open Gym Havi B\u00e9rlet : 17.990.<\/p>\n","protected":false},"excerpt":{"rendered":"<p>FORCE GYM EDZ\u00c9S \u00c1RAK Feln\u0151tt : Csoportos edz\u00e9sek :&nbsp; napijegy : 4000.- 4 alk : 13.800 8 alk : 27.000 Open Gym&nbsp; Napijegy&nbsp; 3800.- Open Gym Havi B\u00e9rlet : 17.990.<span class=\"excerpt-hellip\"> [\u2026]<\/span><\/p>\n","protected":false},"author":1,"featured_media":0,"parent":0,"menu_order":0,"comment_status":"closed","ping_status":"closed","template":"","meta":[],"_links":{"self":[{"href":"https:\/\/forcegym.hu\/start\/wp-json\/wp\/v2\/pages\/2265"}],"collection":[{"href":"https:\/\/forcegym.hu\/start\/wp-json\/wp\/v2\/pages"}],"about":[{"href":"https:\/\/forcegym.hu\/start\/wp-json\/wp\/v2\/types\/page"}],"author":[{"embeddable":true,"href":"https:\/\/forcegym.hu\/start\/wp-json\/wp\/v2\/users\/1"}],"replies":[{"embeddable":true,"href":"https:\/\/forcegym.hu\/start\/wp-json\/wp\/v2\/comments?post=2265"}],"version-history":[{"count":91,"href":"https:\/\/forcegym.hu\/start\/wp-json\/wp\/v2\/pages\/2265\/revisions"}],"predecessor-version":[{"id":4643,"href":"https:\/\/forcegym.hu\/start\/wp-json\/wp\/v2\/pages\/2265\/revisions\/4643"}],"wp:attachment":[{"href":"https:\/\/forcegym.hu\/start\/wp-json\/wp\/v2\/media?parent=2265"}],"curies":[{"name":"wp","href":"https:\/\/api.w.org\/{rel}","templated":true}]}}